
What is the hundred thousands digit of 223361?
2
What is the ten thousands digit of 1553265?
5
What is the units digit of 8591847?
7
What is the units digit of 475321?
1
What is the hundred thousands digit of 17918459?
9
What is the units digit of 3339110?
0
What is the tens digit of 987139?
3
What is the units digit of 2628478?
8
What is the ten thousands digit of 621579?
2
What is the tens digit of 10030893?
9
What is the units digit of 3323469?
9
What is the ten millions digit of 10119341?
1
What is the hundreds digit of 3176793?
7
What is the millions digit of 1606753?
1
What is the millions digit of 15200460?
5
What is the hundred thousands digit of 1679416?
6
What is the hundred thousands digit of 5843501?
8
What is the tens digit of 291564?
6
What is the millions digit of 14217619?
4
What is the millions digit of 19653348?
9
What is the hundred thousands digit of 204456?
2
What is the hundred thousands digit of 593902?
5
What is the hundreds digit of 111573?
5
What is the tens digit of 260131?
3
What is the hundreds digit of 1447694?
6
What is the hundred thousands digit of 6299381?
2
What is the hundreds digit of 14226636?
6
What is the units digit of 195886?
6
What is the ten thousands digit of 1632114?
3
What is the thousands digit of 15470897?
0
What is the tens digit of 33454896?
9
What is the thousands digit of 682433?
2
What is the ten thousands digit of 137256?
3
What is the thousands digit of 15134?
5
What is the hundreds digit of 2837745?
7
What is the hundreds digit of 293776?
7
What is the hundreds digit of 343655?
6
What is the units digit of 286929?
9
What is the tens digit of 555319?
1
What is the hundreds digit of 44956?
9
What is the millions digit of 1077686?
1
What is the ten thousands digit of 55640?
5
What is the ten millions digit of 14482741?
1
What is the ten thousands digit of 1866810?
6
What is the hundred thousands digit of 871883?
8
What is the thousands digit of 6426715?
6
What is the hundred thousands digit of 153787?
1
What is the thousands digit of 453465?
3
What is the tens digit of 94097?
9
What is the ten thousands digit of 2267604?
6
What is the units digit of 1460641?
1
What is the ten thousands digit of 1660773?
6
What is the hundred thousands digit of 511566?
5
What is the ten thousands digit of 3512418?
1
What is the units digit of 26380?
0
What is the ten millions digit of 28790320?
2
What is the hundred thousands digit of 130510?
1
What is the ten thousands digit of 32171730?
7
What is the units digit of 862073?
3
What is the hundreds digit of 6413090?
0
What is the units digit of 341148?
8
What is the units digit of 193351?
1
What is the units digit of 27201771?
1
What is the ten thousands digit of 21362727?
6
What is the thousands digit of 4886709?
6
What is the thousands digit of 305023?
5
What is the millions digit of 1439862?
1
What is the hundreds digit of 227387?
3
What is the tens digit of 17559571?
7
What is the units digit of 71720?
0
What is the hundred thousands digit of 8451860?
4
What is the thousands digit of 9564054?
4
What is the millions digit of 1266215?
1
What is the thousands digit of 107923?
7
What is the units digit of 4641034?
4
What is the hundreds digit of 2939739?
7
What is the units digit of 191704?
4
What is the hundred thousands digit of 2172577?
1
What is the units digit of 427680?
0
What is the hundred thousands digit of 2643178?
6
What is the ten thousands digit of 4723492?
2
What is the thousands digit of 164037?
4
What is the thousands digit of 825261?
5
What is the hundred thousands digit of 356514?
3
What is the tens digit of 390592?
9
What is the tens digit of 5230676?
7
What is the hundred thousands digit of 6781842?
7
What is the ten thousands digit of 215990?
1
What is the thousands digit of 7615804?
5
What is the thousands digit of 3617351?
7
What is the units digit of 362453?
3
What is the tens digit of 7232114?
1
What is the thousands digit of 8931179?
1
What is the tens digit of 95317?
1
What is the thousands digit of 683571?
3
What is the tens digit of 11552089?
8
What is the hundred thousands digit of 1804509?
8
What is the units digit of 3841184?
4
What is the tens digit of 2228464?
6
What is the units digit of 570654?
4
What is the thousands digit of 96826?
6
What is the hundreds digit of 7028824?
8
What is the ten millions digit of 34161195?
3
What is the ten thousands digit of 132825?
3
What is the tens digit of 16331305?
0
What is the hundreds digit of 155030?
0
What is the units digit of 637707?
7
What is the units digit of 53748?
8
What is the tens digit of 544008?
0
What is the tens digit of 116414?
1
What is the ten thousands digit of 12706137?
0
What is the thousands digit of 3212650?
2
What is the ten thousands digit of 3109584?
0
What is the units digit of 1262480?
0
What is the hundreds digit of 972443?
4
What is the millions digit of 1205534?
1
What is the ten thousands digit of 735032?
3
What is the hundred thousands digit of 8786886?
7
What is the ten thousands digit of 1744739?
4
What is the units digit of 5144159?
9
What is the tens digit of 4660783?
8
What is the thousands digit of 755328?
5
What is the units digit of 100889?
9
What is the ten thousands digit of 1028388?
2
What is the thousands digit of 287782?
7
What is the millions digit of 4260550?
4
What is the hundreds digit of 856721?
7
What is the thousands digit of 911392?
1
What is the units digit of 1590717?
7
What is the ten thousands digit of 128007?
2
What is the tens digit of 196296?
9
What is the tens digit of 1251874?
7
What is the units digit of 3338348?
8
What is the ten thousands digit of 3941080?
4
What is the units digit of 495407?
7
What is the hundreds digit of 398049?
0
What is the hundred thousands digit of 1886824?
8
What is the units digit of 202239?
9
What is the millions digit of 2624868?
2
What is the thousands digit of 4956602?
6
What is the thousands digit of 542777?
2
What is the units digit of 77444?
4
What is the hundreds digit of 6169403?
4
What is the hundreds digit of 78989?
9
What is the ten thousands digit of 192058?
9
What is the thousands digit of 11781743?
1
What is the hundreds digit of 19114386?
3
What is the units digit of 325082?
2
What is the thousands digit of 2687216?
7
What is the tens digit of 5857593?
9
What is the hundreds digit of 1351214?
2
What is the units digit of 436404?
4
What is the hundred thousands digit of 190846?
1
What is the hundreds digit of 1779709?
7
What is the hundred thousands digit of 813942?
8
What is the hundred thousands digit of 873003?
8
What is the units digit of 732318?
8
What is the tens digit of 803873?
7
What is the millions digit of 2391587?
2
What is the millions digit of 4333437?
4
What is the hundred thousands digit of 3802564?
8
What is the ten thousands digit of 503751?
0
What is the tens digit of 541249?
4
What is the hundreds digit of 3578526?
5
What is the tens digit of 1121149?
4
What is the ten millions digit of 28486781?
2
What is the hundreds digit of 71472?
4
What is the tens digit of 15058?
5
What is the hundreds digit of 2606486?
4
What is the ten thousands digit of 5050279?
5
What is the hundreds digit of 49107?
1
What is the ten thousands digit of 2203779?
0
What is the ten thousands digit of 162339?
6
What is the hundred thousands digit of 358843?
3
What is the hundreds digit of 2807863?
8
What is the millions digit of 2745975?
2
What is the thousands digit of 452263?
2
What is the thousands digit of 1672779?
2
What is the units digit of 9854983?
3
What is the units digit of 1463517?
7
What is the thousands digit of 19158866?
8
What is the ten thousands digit of 210099?
1
What is the ten thousands digit of 10787495?
8
What is the units digit of 356356?
6
What is the units digit of 5437409?
9
What is the tens digit of 254948?
4
What is the ten thousands digit of 29176?
2
What is the thousands digit of 4115699?
5
What is the hundreds digit of 522217?
2
What is the hundred thousands digit of 353301?
3
What is the tens digit of 3315350?
5
What is the tens digit of 656346?
4
What is the thousands digit of 279195?
9
What is the ten thousands digit of 150758?
5
What is the millions digit of 1062710?
1
What is the millions digit of 26815402?
6
What is the thousands digit of 517797